{"id":2,"date":"2023-07-02T00:22:32","date_gmt":"2023-07-01T22:22:32","guid":{"rendered":"http:\/\/la-guinguette-volante.com\/?page_id=2"},"modified":"2023-07-25T18:30:39","modified_gmt":"2023-07-25T16:30:39","slug":"la-guinguette-volante-a-la-rescousse","status":"publish","type":"page","link":"https:\/\/la-guinguette-volante.com\/","title":{"rendered":"La guinguette volante, \u00e0 la rescousse"},"content":{"rendered":"\n<h2 class=\"wp-block-heading\">Un bal sauvage et po\u00e9tique<\/h2>\n\n\n\n<figure class=\"wp-block-image size-large\"><img loading=\"lazy\" decoding=\"async\" width=\"1024\" height=\"464\" src=\"https:\/\/la-guinguette-volante.com\/wp-content\/uploads\/2023\/07\/docteurgabi-1024x464.png\" alt=\"\" class=\"wp-image-16\" srcset=\"https:\/\/la-guinguette-volante.com\/wp-content\/uploads\/2023\/07\/docteurgabi-1024x464.png 1024w, https:\/\/la-guinguette-volante.com\/wp-content\/uploads\/2023\/07\/docteurgabi-300x136.png 300w, https:\/\/la-guinguette-volante.com\/wp-content\/uploads\/2023\/07\/docteurgabi-768x348.png 768w, https:\/\/la-guinguette-volante.com\/wp-content\/uploads\/2023\/07\/docteurgabi-1536x696.png 1536w, https:\/\/la-guinguette-volante.com\/wp-content\/uploads\/2023\/07\/docteurgabi.png 2048w\" sizes=\"auto, (max-width: 1024px) 100vw, 1024px\" \/><\/figure>\n\n\n\n<p><strong>Docteur GABI et la Guinguette Volante<\/strong> est un collectif compos\u00e9 de cinq musiciens exceptionnels r\u00e9unis autour de Gabi LEVASSEUR, l&rsquo;accord\u00e9oniste tout-terrain et savant fou de la musique. Ils transforment n&rsquo;importe quel endroit en un lieu de c\u00e9l\u00e9bration, en alliant une musique libre et fantasque \u00e0 la danse, \u00e0 la joie et \u00e0 la convivialit\u00e9. L&rsquo;\u00e9nergie est au c\u0153ur du projet, port\u00e9e par les musiciens et le public \u00e0 la fois.<\/p>\n\n\n\n<p>Le r\u00e9pertoire de <strong>Docteur GABI et la Guinguette Volante<\/strong> est un voyage musical \u00e0 travers le monde. Leurs rythmes envo\u00fbtants nous emm\u00e8nent de chorros br\u00e9siliens \u00e0 la valse Musette en passant par la biguine, le compas, et la musique balkanique. Le groupe met \u00e0 l&rsquo;honneur des compositeurs qui ont brillamment mari\u00e9 la musique \u00ab\u00a0dansante\u00a0\u00bb et \u00ab\u00a0savante\u00a0\u00bb, tels que Hermeto PASCOAL, tout en proposant modestement leurs propres compositions au style \u00e9chevel\u00e9.<\/p>\n\n\n\n<p>Ces cinq musiciens passionn\u00e9s de groove et d&rsquo;improvisation se r\u00e9unissent pour offrir une f\u00eate sensuelle et entra\u00eenante. Leurs talents musicaux combin\u00e9s cr\u00e9ent une ambiance festive, une invitation \u00e0 la danse et au plaisir partag\u00e9.<\/p>\n\n\n\n<h2 class=\"wp-block-heading\">Notre musique<\/h2>\n\n\n\n<h3 class=\"wp-block-heading\">Enregistrement dans les conditions du live <\/h3>\n\n\n\n<p>Enregistr\u00e9 en f\u00e9vrier 2022 au <em>studio serr\u00e9<\/em><\/p>\n\n\n<div style=\"text-align: center;\"><iframe loading=\"lazy\" src=\"https:\/\/w.soundcloud.com\/player\/?url=https%3A\/\/api.soundcloud.com\/playlists\/1425118423&amp;color=%23ff5500&amp;auto_play=false&amp;hide_related=false&amp;show_comments=true&amp;show_user=true&amp;show_reposts=false&amp;show_teaser=true&amp;visual=true\" width=\"100%\" height=\"300\" frameborder=\"no\" scrolling=\"no\"><\/iframe><p><\/p>\n<div style=\"font-size: 10px; color: #cccccc; line-break: anywhere; word-break: normal; overflow: hidden; white-space: nowrap; text-overflow: ellipsis; font-family: Interstate,Lucida Grande,Lucida Sans Unicode,Lucida Sans,Garuda,Verdana,Tahoma,sans-serif; font-weight: 100;\"><a style=\"color: #cccccc; text-decoration: none;\" title=\"La Guinguette Volante\" href=\"https:\/\/soundcloud.com\/la_guinguette_volante\" target=\"_blank\" rel=\"noopener\">La Guinguette Volante<\/a> \u00b7 <a style=\"color: #cccccc; text-decoration: none;\" title=\"D\u00e9mo live de f\u00e9vrier 2022\" href=\"https:\/\/soundcloud.com\/la_guinguette_volante\/sets\/demo-live-de-fevrier-2022\" target=\"_blank\" rel=\"noopener\">D\u00e9mo live de f\u00e9vrier 2022<\/a><\/div>\n<\/div>\n\n\n<h3 class=\"wp-block-heading\">Une biguine en p\u00e9niche<\/h3>\n\n\n<div style=\"text-align: center\"><iframe loading=\"lazy\" src=\"https:\/\/www.facebook.com\/plugins\/video.php?height=314&amp;href=https%3A%2F%2Fwww.facebook.com%2Fdocteurgabi%2Fvideos%2F2226822514094793%2F&amp;show_text=false&amp;width=560&amp;t=0\" width=\"560\" height=\"314\" style=\"border:none;overflow:hidden\" scrolling=\"no\" frameborder=\"0\" allowfullscreen=\"true\" allow=\"autoplay; clipboard-write; encrypted-media; picture-in-picture; web-share\"><\/iframe><\/div>\n\n\n<h3 class=\"wp-block-heading\">Une valse musette au bord de Marne<\/h3>\n\n\n<div style=\"text-align: center;\"><iframe loading=\"lazy\" style=\"text-align: center;\" src=\"https:\/\/www.facebook.com\/plugins\/video.php?height=314&amp;href=https%3A%2F%2Fwww.facebook.com%2Fdocteurgabi%2Fvideos%2F357997068100587%2F&amp;show_text=false&amp;width=560&amp;t=0\" width=\"560\" height=\"314\" frameborder=\"0\" scrolling=\"no\" allowfullscreen=\"allowfullscreen\"><\/iframe><\/div>","protected":false},"excerpt":{"rendered":"<p>Un bal sauvage et po\u00e9tique Docteur GABI et la Guinguette Volante est un collectif compos\u00e9 de cinq musiciens exceptionnels r\u00e9unis autour de Gabi LEVASSEUR, l&rsquo;accord\u00e9oniste tout-terrain et savant fou de [&hellip;]<\/p>\n","protected":false},"author":1,"featured_media":0,"parent":0,"menu_order":0,"comment_status":"closed","ping_status":"closed","template":"page-large-header","meta":{"_EventAllDay":false,"_EventTimezone":"","_EventStartDate":"","_EventEndDate":"","_EventStartDateUTC":"","_EventEndDateUTC":"","_EventShowMap":false,"_EventShowMapLink":false,"_EventURL":"","_EventCost":"","_EventCostDescription":"","_EventCurrencySymbol":"","_EventCurrencyCode":"","_EventCurrencyPosition":"","_EventDateTimeSeparator":"","_EventTimeRangeSeparator":"","_EventOrganizerID":[],"_EventVenueID":[],"_OrganizerEmail":"","_OrganizerPhone":"","_OrganizerWebsite":"","_VenueAddress":"","_VenueCity":"","_VenueCountry":"","_VenueProvince":"","_VenueState":"","_VenueZip":"","_VenuePhone":"","_VenueURL":"","_VenueStateProvince":"","_VenueLat":"","_VenueLng":"","_VenueShowMap":false,"_VenueShowMapLink":false,"footnotes":""},"class_list":["post-2","page","type-page","status-publish","hentry"],"_links":{"self":[{"href":"https:\/\/la-guinguette-volante.com\/index.php\/wp-json\/wp\/v2\/pages\/2","targetHints":{"allow":["GET"]}}],"collection":[{"href":"https:\/\/la-guinguette-volante.com\/index.php\/wp-json\/wp\/v2\/pages"}],"about":[{"href":"https:\/\/la-guinguette-volante.com\/index.php\/wp-json\/wp\/v2\/types\/page"}],"author":[{"embeddable":true,"href":"https:\/\/la-guinguette-volante.com\/index.php\/wp-json\/wp\/v2\/users\/1"}],"replies":[{"embeddable":true,"href":"https:\/\/la-guinguette-volante.com\/index.php\/wp-json\/wp\/v2\/comments?post=2"}],"version-history":[{"count":25,"href":"https:\/\/la-guinguette-volante.com\/index.php\/wp-json\/wp\/v2\/pages\/2\/revisions"}],"predecessor-version":[{"id":148,"href":"https:\/\/la-guinguette-volante.com\/index.php\/wp-json\/wp\/v2\/pages\/2\/revisions\/148"}],"wp:attachment":[{"href":"https:\/\/la-guinguette-volante.com\/index.php\/wp-json\/wp\/v2\/media?parent=2"}],"curies":[{"name":"wp","href":"https:\/\/api.w.org\/{rel}","templated":true}]}}